site number?
True
Is 2608044311 composite?
False
Is 1693753 a composite number?
False
Is 11520085 a composite number?
True
Is 16067795 prime?
False
Is 459167483 a composite number?
True
Is 44494453 a composite number?
True
Is 319968811 composite?
False
Is 4445457 a composite number?
True
Is 1672079 a composite number?
False
Is 135973741 prime?
True
Is 7541509 prime?
True
Is 25897093 a composite number?
False
Is 24746063 composite?
False
Is 6200917 a composite number?
True
Is 50558561 prime?
False
Is 778391 prime?
True
Is 12079451 a composite number?
True
Is 9216943 composite?
False
Is 4524257 a prime number?
False
Is 1366027577 a composite number?
False
Is 106181 a composite number?
False
Is 19515619 a composite number?
False
Is 85196053 a composite number?
True
Is 1228989781 prime?
True
Is 2919161 prime?
False
Is 10267561 prime?
False
Is 427833349 a prime number?
True
Is 1587911 a composite number?
True
Is 664330747 a prime number?
False
Is 4550449 prime?
True
Is 10293443 a prime number?
False
Is 10829659 composite?
True
Is 1918283 composite?
False
Is 181415267 a prime number?
False
Is 145004059 composite?
False
Is 1321571 prime?
True
Is 112566121 prime?
False
Is 3970037 composite?
True
Is 517271 a prime number?
False
Is 164575163 a prime number?
True
Is 580316897 a prime number?
True
Is 18983557 a prime number?
True
Is 1719181 composite?
True
Is 26889643 a prime number?
False
Is 525457 composite?
False
Is 15859265 a composite number?
True
Is 29978393 prime?
True
Is 515044227 a prime number?
False
Is 557560837 a composite number?
False
Is 268579 a prime number?
False
Is 8108207 a prime number?
True
Is 1415252105 composite?
True
Is 58027353 a prime number?
False
Is 124865171 composite?
True
Is 382919 a composite number?
False
Is 92921029 composite?
False
Is 12010241 a composite number?
False
Is 125161 composite?
True
Is 80825653 a prime number?
False
Is 4603579 prime?
True
Is 22665967 composite?
True
Is 306239 prime?
True
Is 8274869 composite?
True
Is 16201327 composite?
True
Is 1937927 a prime number?
True
Is 12596462 composite?
True
Is 33772553 a composite number?
False
Is 1157969 prime?
True
Is 1127905 a prime number?
False
Is 439253 a composite number?
False
Is 1220147 prime?
True
Is 697579 composite?
False
Is 968441099 composite?
False
Is 166025681 prime?
False
Is 1358581 prime?
False
Is 81903277 a composite number?
False
Is 24296977 a prime number?
True
Is 117365 a prime number?
False
Is 3849914 a prime number?
False
Is 126799549 prime?
False
Is 930653 composite?
False
Is 336961 prime?
True
Is 182199263 a prime number?
False
Is 176499989 a composite number?
False
Is 22349827 composite?
False
Is 173760941 a prime number?
True
Is 1302827 a prime number?
True
Is 69771139 prime?
True
Is 283620893 a prime number?
True
Is 11738723 composite?
False
Is 1704587 composite?
False
Is 17726321 prime?
False
Is 2847419 a prime number?
False
Is 3603041 prime?
False
Is 101619137 a composite number?
False
Is 289770541 a prime number?
True
Is 7064623 a prime number?
False
Is 1495741 a composite number?
True
Is 44167021 a prime number?
True
Is 28992662 composite?
True
Is 978773 a composite number?
False
Is 18362653 prime?
True
Is 40837053 composite?
True
Is 37167821 prime?
False
Is 47705491 composite?
False
Is 33583327 composite?
True
Is 1209287 a composite number?
False
Is 860107 a prime number?
True
Is 1243511 a prime number?
True
Is 1057337 prime?
False
Is 1538459 a composite number?
True
Is 75240461 a prime number?
False
Is 2722007 composite?
False
Is 47419943 prime?
True
Is 476737 a prime number?
True
Is 62279873 a prime number?
True
Is 654054997 a prime number?
False
Is 857867 composite?
False
Is 81611 a composite number?
False
Is 1516367243 a composite number?
False
Is 780523 composite?
False
Is 1141 a composite number?
True
Is 194087003 a composite number?
True
Is 1456309 a composite number?
True
Is 15844823 composite?
False
Is 6381941 composite?
False
Is 69214553 a composite number?
False
Is 10667297 a prime number?
True
Is 2659003 a composite number?
True
Is 4055539 a composite number?
False
Is 11127629 composite?
False
Is 51584287 composite?
False
Is 1241235449 prime?
True
Is 309046823 a prime number?
False
Is 127144697 a composite number?
False
Is 4207433 prime?
True
Is 318680303 a prime number?
True
Is 9065141 a composite number?
True
Is 19652998 prime?
False
Is 818694554 a prime number?
False
Is 17183833 prime?
True
Is 268737319 composite?
False
Is 725991087 a prime number?
False
Is 3433783 prime?
True
Is 19464229 a prime number?
True
Is 20324963 prime?
False
Is 101243101 a prime number?
True
Is 20615069 a prime number?
False
Is 953257 a prime number?
False
Is 11495159 a prime number?
False
Is 146699053 a composite number?
False
Is 2168795 a prime number?
False
Is 7584389 prime?
True
Is 91777027 a prime number?
True
Is 106563083 a prime number?
False
Is 63291817 composite?
False
Is 7992727 prime?
True
Is 3982551 composite?
True
Is 135787565 a composite number?
True
Is 68840483 a composite number?
True
Is 869387 a prime number?
False
Is 701413231 composite?
False
Is 1675993 prime?
False
Is 3181951 composite?
False
Is 40556591 composite?
False
Is 142086089 a prime number?
True
Is 12169033 prime?
False
Is 20433077 a prime number?
False
Is 160727719 a prime number?
False
Is 29659099 prime?
False
Is 6325247 composite?
True
Is 9268946 a composite number?
True
Is 10781807 a composite number?
False
Is 371017451 a prime number?
False
Is 114709687 a composite number?
True
Is 10917527 composite?
False
Is 39236753 prime?
True
Is 6729082 composite?
True
Is 18909589 a composite number?
False
Is 28159721 a composite number?
True
Is 56461739 a composite number?
True
Is 24937771 a composite number?
True
Is 16604033 composite?
False
Is 3107033 composite?
False
Is 99173047 prime?
True
Is 147154367 composite?
True
Is 27533431 composite?
False
Is 341383739 prime?
False
Is 1391843 a prime number?
False
Is 5667593 a prime number?
True
Is 5566733 a prime number?
False
Is 73245737 prime?
False
Is 25244005 prime?
False
Is 4482329 prime?
True
Is 31048519 prime?
False
Is 71419013 composite?
True
Is 53392313 a prime number?
False
Is 13253755 composite?
True
Is 3554333 composite?
False
Is 107635513 a prime number?
False
Is 713647 a prime number?
False
Is 104253293 a prime number?
True
Is 12428627 a prime number?
False
Is 12440723 a prime number?
False
Is 1117747 a prime number?
False
Is 86124139 a composite number?
False
Is 325387 a prime number?
False
Is 57422851 a prime number?
True
Is 159156719 prime?
True
Is 688255223 a prime number?
True
Is 297416099 composite?
False
Is 1055423 a composite number?
False
Is 1671913 prime?
False
Is 16260883 prime?
True
Is 251569 a prime number?
False
Is 241964341 a composite number?
False
Is 7582649 a prime number?
True
Is 64399 a prime number?
True
Is 103243531 prime?
False
Is 187723157 prime?
True
Is 21559337 composite?
True
Is 660719 a composite number?
False
Is 19182997 a composite number?
False
Is 107042573 a composite number?
True
Is 1206419 prime?
False
Is 294932401 composite?
True
Is 3300137 composite?
True
Is 162016399 composite?
True
Is 186345841 a composite number?
True
Is 14489681 a composite number?
True
Is 17009303 a composite number?
False
Is 322165 composite?
True
Is 3827393 a composite number?
False
Is 5080627 prime?
True
Is 43378481 a prime number?
True
Is 6066941 a prime number?
True
Is 722537 a prime number?
True
Is 6427433 a composite number?
False
Is 2123663 prime?
True
Is 6806893 composite?
False
Is 17977945 prime?
False
Is 29755069 a prime number?
True
Is 5953943 a prime number?
True
Is 3000079 a prime number?
False
Is 12120179 prime?
True
Is 540878387 prime?
False
Is 6736987 a prime number?
True
Is 19820231 a composite number?
True
Is 2576953 a composite number?
False
Is 217293829 a prime number?
False
Is 262646257 a composite number?
False
Is 2246927 a composite number?
False
Is 8206213 a prime number?
False
Is 5003191 a prime number?
True
Is 2494913 composite?
False
Is 103290491 prime?
True
Is 13355831 a prime number?
True
Is 98350997 prime?
False
Is 3137687 composite?
True
Is 837971 a composite number?
True
Is 59388341 a composite number?
False
Is 346434629 a composite number?
True
Is 136879 a composite 